?
True
Let p be (5 + 0)*16/20. Let y be 0/(-2) - (-12)/p. Is y - (-1 - (-99)/(-3)) a multiple of 12?
False
Let z = 278 + 14. Suppose -2*g = 3*w - 132, 3*w - 2*w + z = 4*g. Does 18 divide g?
True
Let m(u) = -6*u**3 - u**2 - 2*u - 1. Let x be m(-1). Does 14 divide x/(1/(42/9))?
True
Does 8 divide (-1)/(((-4)/(-122))/(-2))?
False
Let v(w) = -w**3 + 11*w**2 + 13*w + 13. Let g be v(12). Suppose -2*m + 13 = -3*y, 3*m - g = -2*m + 5*y. Is 2 a factor of m?
True
Suppose 42 = -21*n + 189. Is 4 a factor of n?
False
Suppose 5*a + 24 = 189. Is 14 a factor of a?
False
Let x be ((-36)/21)/(2/63). Let p = -27 - x. Is p a multiple of 9?
True
Let a(t) = t**3 - 16*t**2 - 16*t - 2. Does 5 divide a(17)?
True
Let w(f) = -f - 10. Let g be (-2)/(-5)*(-1 - 24). Let p be w(g). Suppose -4*l - 3*y - 35 + 206 = p, -5*l - 4*y = -214. Is l a multiple of 16?
False
Let i = 11 + -8. Let n(s) = s**3 - 4*s**2 + 2*s - 4. Let d be n(i). Let l = d - -10. Is l even?
False
Suppose 3*p - 156 = -p. Is 13 a factor of p?
True
Let u be ((0/(-1))/(-2))/(-2). Does 7 divide u + (20 - (0 + -1))?
True
Suppose z - 4*p = 2, -3*p = 5*z - 8*p - 40. Is 2 a factor of 4/z - 143/(-55)?
False
Let i be 2*(0 + 0 + 1). Let d = i + -3. Does 10 divide (24 - -1)/(2 + d)?
False
Let c = 17 + -6. Suppose n - r - c = 5, r = 2*n - 36. Is 11 a factor of n?
False
Let j = -391 + 549. Is 28 a factor of j?
False
Suppose 0 = -3*s + 4*x + 599, 798 = 4*s - 0*s - 5*x. Is s a multiple of 40?
False
Let a(r) = r. Let c be a(5). Suppose -2*i + 95 = c*o, 167 = 5*i - 4*o - 21. Is 20 a factor of i?
True
Suppose 901 - 201 = 5*l. Does 35 divide l?
True
Let a be -3*(0 - (3 + 1)). Suppose -3*h - a = -l, -5*l + 40 = -h + 8. Is 6 a factor of l?
True
Suppose -40 = 144*x - 143*x. Let j = 0 + 3. Is (x + j - 1)*-1 a multiple of 16?
False
Suppose 6*v - 16 = 2*v. Suppose -v*p = -0*p - 72. Is 18 a factor of p?
True
Let q be 43/(-6) - (-4)/24. Let d(o) = -o - 6. Let r be d(q). Suppose r = 2*s + 5*p, s = -2*s - p + 21. Is 7 a factor of s?
False
Let j(d) = d**2 - 9. Let a be j(0). Let s(b) = -10 + b**3 + 0*b**3 + 5*b + 10*b**2 - 16*b + 16*b. Is 19 a factor of s(a)?
False
Suppose 12 = a - 0*a + 5*v, -2*a + 4*v + 10 = 0. Is 2 a factor of a?
False
Let v(b) = 4*b**2 - 3 - 3*b**3 - 5*b + 7*b**3 - 3*b**3. Let k be ((-3)/4)/((-2)/(-8)). Is v(k) a multiple of 11?
False
Let d be (1 - 2) + (2 - 3). Let b(g) be the second derivative of 7*g**4/12 + g**3/2 + g**2/2 + g. Is b(d) a multiple of 8?
False
Suppose -s + 1 = 5*w - 0*w, -5 = -5*w. Let z = s - -6. Suppose 3*u - 67 = -3*h + z*u, 3*u + 107 = 5*h. Is 14 a factor of h?
False
Let r = 29 + -3. Let g = r - 5. Is 12 a factor of g?
False
Suppose -4*c - 11 + 19 = 0. Is (0 + 7)*(c + -1) a multiple of 2?
False
Let i(b) = 83*b + 3. Let x be i(2). Let c = -100 + x. Does 33 divide c?
False
Let x(b) = 13*b**3 - 3*b + 4. Is x(2) a multiple of 12?
False
Suppose 0*q + q - 6 = 0. Suppose 3*h - q = h. Is 3 a factor of h + -2 + 1 + 4?
True
Let q(f) = 4*f + 0*f - 3*f + 0 + 1 - f**2. Let h(y) = -y**3 + 7*y**2 + 5. Let a(v) = h(v) + 2*q(v). Is 8 a factor of a(5)?
False
Let p be 7/(7/(-76)) + -3. Let n = -55 - p. Does 12 divide n?
True
Let i be ((-4)/3)/((-3)/(-9)). Let v = i - -4. Is 5 a factor of (v + -3)*(-24)/9?
False
Suppose 38 = -3*h - m, -2*m - 48 = -h + 5*h. Is 2/(-1 - h/10) even?
False
Is 10 a factor of 3 - 6 - 1*-13?
True
Suppose 900 = 138*k - 133*k. Is 15 a factor of k?
True
Suppose -g + 3 + 0 = 0. Suppose -3*v - g*p = -42, 3*v + 29 = 4*v - 2*p. Does 9 divide v?
False
Let g = -11 - -5. Let d = g + 8. Suppose 2*h - 146 = -5*j, 2*j + 2*h - 52 = -d*h. Does 15 divide j?
True
Let l(b) be the first derivative of -b**2 + 3*b + 4. Is l(-9) a multiple of 6?
False
Suppose -2*b = -3*c + 175 + 29, b = 0. Let x be (0 - -15)*(-3)/(-9). Suppose -x*s + s = -c. Is 6 a factor of s?
False
Let v(j) be the first derivative of j**4/6 - 7*j**3/6 + 5*j**2/2 - 5*j + 2. Let m(s) be the first derivative of v(s). Is 3 a factor of m(4)?
True
Let a = 84 + -48. Does 12 divide a?
True
Let p(c) = c**3 - 16*c**2 + 17*c - 20. Suppose 3*o - 84 = -5*f, -o - 48 = -4*f + 3*o. Is p(f) a multiple of 3?
False
Let k be -6 + 1 - (7 + -11). Let g(p) be the first derivative of -10*p**2 + p + 1. Is g(k) a multiple of 21?
True
Suppose -i - 4 - 10 = 5*g, 4 = -4*g. Let y = i - -11. Is y even?
True
Suppose 5*f - 5*y = -5, -5*y + 4 = f - 1. Suppose -2*c = -4*c + 8. Suppose -2*z + 19 + 86 = 3*i, -4*z - c*i + 204 = f. Does 16 divide z?
True
Suppose 5*w + 0*i + 58 = 3*i, -5*w - 74 = i. Let z = w - -25. Is z a multiple of 5?
False
Suppose -5*v + 26 + 29 = 0. Suppose -k = 5*x - v, 6*k = 3*x + 2*k - 25. Suppose -x*h = -2*h - 25. Is 11 a factor of h?
False
Let f(o) = o**3 + 5*o**2 - 5*o + 7. Let a be f(-6). Let s(r) = -14*r**2 - r. Let x be s(a). Let y = -4 - x. Is 7 a factor of y?
False
Let b(o) = o**3 + 6*o**2 - 5*o - 4. Is 3 a factor of b(-6)?
False
Suppose 0 = 4*u - 4*l - 16, 0 - 3 = l. Let s(c) = 33*c**2 - c. Is 16 a factor of s(u)?
True
Let m be 64/(-10) - (-4)/10. Let k = m - -11. Suppose k*q = 2*q + 15. Is q a multiple of 3?
False
Let q(z) = 145*z**3 - z + 1. Let g be q(1). Suppose 0 = -3*p + g - 49. Is 16 a factor of (0 + -2)/(-2) + p?
False
Let d = -18 + 36. Suppose d = 5*i - 32. Is 10 a factor of i?
True
Suppose 6*w = 2*w + 8. Does 2 divide w?
True
Let r = 19 - -21. Suppose -3*v = v - r. Does 10 divide v?
True
Suppose 0 = w - 33 - 35. Suppose 4*p + 0*p + 116 = 0. Let k = w + p. Is k a multiple of 12?
False
Let j be -2*3/6 + 1. Suppose 3*d + 3*q - 57 = 0, d - 3*q + j = 27. Does 4 divide 2*(-1 - d/(-6))?
False
Let a(l) = l + 9. Let p(h) = 1. Suppose -2*y + 2 - 4 = 0. Let m(z) = y*a(z) + 6*p(z). Is m(-6) a multiple of 3?
True
Let o(h) = -h**3 - 11*h**2 - 12*h - 1. Let b = -9 - 1. Is o(b) a multiple of 19?
True
Suppose -3*f + 2 = -2*d - 7, 3*d + 3*f - 9 = 0. Suppose 21 = -3*w - 3*p, d = -w + p - 6*p - 19. Let l(u) = -u**3 - 3*u**2 - 2*u - 1. Is l(w) a multiple of 10?
False
Is 7 a factor of (1 - -101) + (-4 - -1)?
False
Suppose -2*g + 5*g - 9 = 0. Suppose -6*t + 63 = -g*t. Does 21 divide t?
True
Suppose 0 = -3*u + 10*h - 6*h + 63, u - 3*h - 26 = 0. Is u even?
False
Let g = 11 - 6. Suppose o = -4*p + 181, -g*o = 2*p - 60 - 53. Is 12 a factor of p?
False
Suppose -2*r + 4*v = -232, 10*v = -r + 5*v + 102. Is 16 a factor of r?
True
Let l(y) = y**2 + 6*y - 2. Let d be l(-7). Suppose 40 = -0*b + d*b. Is 8 a factor of b?
True
Is 23 a factor of 26*(2/1 - -2)?
False
Suppose 2*d = -u + 87 + 140, -3*d = 2*u - 342. Does 28 divide d?
True
Suppose l + 4*z + 17 = -11, -2*z + 6 = -2*l. Let n(f) = f**2 + 4*f - 8. Does 8 divide n(l)?
True
Let g(n) = 8*n. Let j be g(-1). Let c = -85 + 88. Let m = c - j. Is m a multiple of 3?
False
Let q(l) = -4*l**3 - 3*l + 32 + 5*l**3 + 4*l. Let n be q(0). Suppose 5*m + 0*u - 3*u - n = 0, 3*m = 3*u + 24. Is m a multiple of 4?
True
Suppose -3*y = y. Let r = 4 + y. Does 4 divide r?
True
Suppose -3*j + 2*j = -8. Suppose -j*r = -4*r. Does 14 divide 42 - (-3)/6*r?
True
Suppose -5*u = -2*g + 83, 0 = u - 5*g + 48 - 13. Does 5 divide 1/5 + (-402)/u?
False
Let n(p) = -5*p**2 + 6*p. Let r(m) = m**2 - m. Let s(c) = 2*n(c) + 11*r(c). Let x be s(-2). Suppose -5*z + 72 = k, -2*z - x*z = 2*k - 60. Is z a multiple of 7?
True
Let s(j) be the third derivative of j**5/60 - j**4/8 + 7*j**3/6 + 4*j**2. Does 21 divide s(-7)?
False
Let k(z) be the third derivative of 5*z**4/8 - z**3/2 + z**2. Suppose -t = -4*t + 9, 3*m - 15 = -3*t. Does 14 divide k(m)?
False
Is 34 a factor of 3/(-18) - (-697)/6?
False
Let n = -7 - -11. Let f = 2 + n. Is 6 a factor of f?
True
Suppose 3*g + 0*g = 0, -4*r - g + 76 = 0. Let d = -3 + r. Suppose d = 3*h - h. Is 6 a factor of h?
False
Let q(s) = 2*s**2 - 7*s + 3. Let z = 13 - 6. Does 21 divide q(z)?
False
Suppose -4*n + 9*n + 5 = 0, 5*b = 3*n + 403. Is b a multiple of 44?
False
Suppose -26 - 139 = -5*z. Is 10 a factor of z?
False
Suppose 12*f - 314 - 802 = 0. Does 32 divide f?
False
Let w(n) = -3*n + 6. Let m be w(-7). Suppose 3*r = -3*j - m, 40 = -3*r - 2*j + 9. Let t = 31 + r. Does 11 divide t?
False
Let k = -42 + 61. Is 4 a factor of k?
False
Let f(u) = -u**3 + 2*u**2 - 1. Let o be f(-1). Suppose 3*x + 54 = o*s, -5*s + 4*x + 136 = 8. Is 8 a factor of s?
True
Let l = 1 + 1. Suppose 0 = -l*c + 11 + 3. Is c a multiple of 7?
True
Suppose 0 = -4